2
Let n be (-8)/((-96)/(-3393))*16/(-6). Calculate the highest common divisor of n and 116.
58
Suppose 5*k + o - 142 = 0, -4*o - 104 = -10*k + 6*k. Calculate the highest common factor of k and 1792.
28
Suppose -3*i + 26 = 8. Let p(w) be the first derivative of 3*w**2 - 18*w - 46. Let x be p(i). Calculate the highest common factor of 27 and x.
9
Let j = 7 - -2. Let o = j + -5. Suppose -194 - 62 = -o*x. Calculate the greatest common divisor of x and 16.
16
Let i be ((-8)/(-6))/(2/3). Let g = 8 - i. Calculate the greatest common divisor of g and 30.
6
Suppose 74*q - 2035 = 1443. Calculate the greatest common divisor of 611 and q.
47
Suppose -h = -5*h + 56. Let w be 2 + 20 + (-15 - -14). Calculate the highest common divisor of h and w.
7
Let z = 1373 - 1369. Calculate the greatest common divisor of z and 1440.
4
Let n(i) = i**3 + 22*i**2 - 105*i - 19. Let m be n(-26). What is the highest common factor of 189 and m?
7
Let y be (0 - -2) + 246/3. Suppose 7*o = 8*o - y. Calculate the highest common divisor of o and 28.
28
Let p = 674 + -671. Suppose 2 = -o + 6. Suppose 60 = q + o*q. What is the greatest common factor of p and q?
3
Suppose 18 = 6*w - 4*w. Suppose 0 = 8*g - 0 - 48. Calculate the highest common divisor of g and w.
3
Let u = -82 - -86. Suppose -c - u*v = -15, 4*c - 4*v - 47 = 73. Calculate the greatest common factor of c and 36.
9
Let w = 58 + -42. Suppose -5*b = -221 - 309. Suppose 2*p + w = b. What is the highest common divisor of 5 and p?
5
Let w be (-5 - -3) + 2 + 360. Let c = w - 200. What is the highest common divisor of 20 and c?
20
Let h be 2 - ((4 - (4 - -2)) + 0). Suppose h*r = -3*t + 5*t - 40, -3*t + 3*r = -51. What is the highest common factor of 98 and t?
14
Let b be 13 + 21 - (3 + 4/(-2)). Calculate the highest common factor of 44 and b.
11
Suppose 1 = 3*x - 8. Suppose -v + 120 = x*v. What is the greatest common divisor of 150 and v?
30
Suppose 157 = 3*q - 2*h, q + 3*h = -3*q + 198. What is the highest common divisor of 3 and q?
3
Suppose 24 = k + 4*v, 0 = 15*k - 17*k - 5*v + 36. Calculate the greatest common divisor of k and 24.
8
Suppose -3*c + 135 = -5*q, 2*c + 11*q - 13*q - 94 = 0. Let k = -22 + c. Calculate the highest common factor of 84 and k.
28
Let d = 26 - 21. Suppose -s - d*s = -624. Calculate the highest common divisor of 13 and s.
13
Suppose 0 = -0*f + 7*f - 49. What is the greatest common divisor of f and 56?
7
Suppose h = j - 6*j + 9, -4*h - 6*j + 92 = 0. What is the highest common factor of 1276 and h?
29
Suppose 0 = 57*v - 3188 - 1657. What is the highest common divisor of 2720 and v?
85
Let k be (-112)/(-11) + 14/(-77). Suppose 11 = 3*p + 2*u - 4*u, 2*u - k = 0. What is the highest common divisor of 56 and p?
7
Suppose 3*m = -3*j + 84, 2*j + 5*m = 2*m + 58. Let h = 33 - j. What is the greatest common divisor of 56 and h?
7
Let l(y) = y**3 + 9*y**2 - 28*y - 24. Let o be l(-7). Calculate the highest common divisor of 30 and o.
30
Suppose -2*z - 2 = k - 4*z, 5*k = 3*z + 4. Suppose 2*w + 5*y + 4 = 0, -y + 4 = 2*w + k*y. Calculate the highest common factor of 8 and w.
8
Suppose 20 = -3*b + 38. Calculate the greatest common factor of b and 162.
6
Let k = 126 + -71. Suppose 0 = -v + k. Let d = 26 + -15. Calculate the highest common divisor of v and d.
11
Let a = -18 - -57. Suppose 2*k - 5*k = -a. What is the greatest common factor of k and 91?
13
Let d = -212 + 340. Calculate the highest common factor of d and 16.
16
Suppose 6*i + 180 = 10*i. Let x = i + 36. Let j(d) = 3*d - 18. Let v be j(9). Calculate the greatest common factor of x and v.
9
Let z = 9 - -19. Let w = z - 20. Let j = -94 - -182. Calculate the highest common factor of j and w.
8
Let y = -29 + 45. Suppose -28 = -y*g + 148. What is the greatest common factor of g and 55?
11
Let p be (-6)/(-10) - 270/75. Suppose 0 = 3*m - 29 - 16. Let u = m + p. What is the highest common divisor of u and 48?
12
Suppose -b - 2*b - 55 = -2*q, -3*b = -3*q + 75. Let z = q - -68. Let s = 25 - 14. What is the greatest common factor of s and z?
11
Suppose 50 = -7*x - 27. Let a be (x - -13) + (-40)/(-2). Calculate the greatest common factor of a and 198.
22
Let o(b) = 12*b**2 + 2*b + 5. Let q be o(-6). What is the highest common divisor of 175 and q?
25
Let b(r) = r**2 + 2*r. Let g be b(5). Suppose y - 4*z + 40 = 5*y, -z - g = -2*y. What is the greatest common divisor of 3 and y?
3
Suppose -4*d = -d - 24. Suppose 3*j + d = j. Let t(q) = -q**3 - 4*q**2 - q + 1. Let g be t(j). Calculate the greatest common factor of g and 35.
5
Let r(a) = -89*a + 7. Let o be r(-2). Calculate the greatest common factor of o and 5.
5
Suppose 2*p = 5*m - 3, 2*p - m + 3*m - 18 = 0. Let j be ((-3)/p)/((-2)/76). Calculate the highest common factor of 171 and j.
19
Suppose 206*d - 203*d = 15. Calculate the highest common divisor of d and 1115.
5
Let b(c) = -c**2 + 13*c - 10. Let j be b(12). Suppose -19 + 21 = j*y. What is the greatest common factor of 7 and y?
1
Let x be ((-624)/(-10))/((-6)/45). Let h = 710 + x. What is the greatest common divisor of 22 and h?
22
Suppose 0 = -75*t + 79*t - 144. Calculate the greatest common divisor of t and 486.
18
Suppose -9 = 5*t - 14. Calculate the highest common factor of 19 and t.
1
Let p(z) = 2*z**2 + 6*z + 2. Let m be p(5). Let b = m - 73. What is the highest common divisor of b and 9?
9
Suppose -4030 = -63*b + 37*b. Calculate the highest common divisor of 5 and b.
5
Let b = -114 + 105. Let g be (1 + b)/8 + 1*4. What is the greatest common divisor of g and 27?
3
Let r = 800 + -264. What is the highest common factor of 8 and r?
8
Let u = 21 - 36. Let d(s) = -s - 13. Let l be d(u). Let j be 3 + (-2)/(2/1). What is the greatest common divisor of j and l?
2
Suppose 0 = -3*y + 19 + 11. Let x(f) = -f**2 + 11*f + 14. Let v be x(11). Suppose v + 66 = g. Calculate the greatest common factor of y and g.
10
Let b = 10 - -107. Let n(i) = i**3 + 32*i**2 - 4*i - 115. Let d be n(-32). Calculate the highest common factor of b and d.
13
Let v be (-5292)/(-540) + (-6)/(-5). Calculate the highest common factor of v and 814.
11
Let f(l) = -l**3 + 9*l**2 + 9*l + 10. Let t be f(10). Suppose 2*o + t*o + 14 = 0. Let x be o/((-21)/6) - -22. What is the highest common divisor of x and 48?
24
Let k = 96 - 56. Suppose f - 3 + 5 = 0, -2*f = -3*i + k. Let b = 17 + -5. Calculate the greatest common divisor of b and i.
12
Let p(t) = -t**3 - 5*t**2 + 23*t + 43. Let w be p(-8). What is the greatest common factor of 561 and w?
51
Let c(v) = -v - 3. Let p(j) = 1. Let z(y) = -2*c(y) - 7*p(y). Let i be z(3). Let l be i*((-4)/10 - -2). Calculate the highest common factor of l and 40.
8
Let a = 19 + -16. Suppose 3*g + 4*t - 227 = 0, g + 4*t = -a*g + 304. What is the greatest common divisor of 7 and g?
7
Let k be 5*(66/10 + (-6)/(-10)). Suppose -4*q = 2*g - 2 - 4, -3 = 4*q - g. Suppose -k = -q*n - 3*n. What is the greatest common factor of 96 and n?
12
Suppose 0 = -3*w - 3 + 9. Let m = 16 + -11. Suppose w*l = -2*p + 40, 2*p + m*l + 12 - 67 = 0. Calculate the greatest common divisor of p and 75.
15
Suppose -4*b - 1352 = -3*c, -24*c + b = -27*c + 1342. What is the greatest common factor of c and 28?
28
Suppose -3*t + 25*v - 27*v - 5 = 0, 2*v = t - 9. Let w be 10/45 - 88/(-9). What is the highest common divisor of w and t?
1
Let i = -1768 - -1878. What is the greatest common divisor of i and 154?
22
Let h = 347 - 337. Calculate the highest common factor of h and 170.
10
Let d be -1 + 1 + 4*24. Let p = -13219 + 13225. Calculate the highest common divisor of p and d.
6
Let s be (126/(-8))/((-18)/192*2). Calculate the highest common divisor of s and 728.
28
Suppose -2*q = 3*q - 990. Suppose -68 = -2*z + q. Let v(n) = -7*n - 2. Let f be v(-3). Calculate the highest common divisor of f and z.
19
Let u = -9 + 14. Suppose -64 = s - u*s. Let a be (28/s)/(1/92). Calculate the highest common divisor of 23 and a.
23
Let j be (-52)/((-4)/4) + 0. Calculate the greatest common divisor of 26 and j.
26
Suppose -4*u = -4*q + 4, u - 6 = -3. Suppose q*h - 210 - 98 = 0. Let t(j) = 3*j - 7. Let w be t(6). Calculate the highest common factor of h and w.
11
Let n be ((-268)/16)/(2 + 18/(-8)). What is the greatest common divisor of n and 134?
67
Suppose 0 = 10*u - 3024 + 1014. What is the greatest common factor of u and 